s digit of a(p)?
2
Suppose 149 = 5*w - 3*u - 283, 0 = -3*w - 4*u + 236. What is the tens digit of w?
8
Suppose 3*k + 2*y = 187, -2*k - 215 = -5*k + 5*y. Let z = -35 + k. What is the tens digit of z?
3
Let d = 58 - -44. What is the tens digit of d?
0
Suppose -c - 7 = -3*f, 5 = -c + f - 0. Let r = c + 15. What is the tens digit of r?
1
Suppose -4 - 9 = -4*o - 5*q, 2*q + 8 = 5*o. Suppose -w + o*f - f = -15, -2*w + 3*f + 34 = 0. What is the tens digit of w?
1
Suppose -5*v = -4*v - 9. What is the units digit of v?
9
Let a be (-281)/5 + 1/5. Let x = -40 - a. Let p = 31 - x. What is the units digit of p?
5
Let p(o) = 2*o - 5. Let g = -10 + 15. What is the units digit of p(g)?
5
What is the units digit of (2*-89)/(5 + 85/(-15))?
7
Let k = -43 + 73. Suppose b + 2*b = k. What is the tens digit of b?
1
Let y(m) = -m**2 + 8*m - 9. Let l be y(6). Suppose 4*x = l*o + 78, -2*o - 2*x = x + 35. Let g = 32 + o. What is the units digit of g?
0
Suppose 5*m - 28 = -288. Let f = m + 89. Suppose -9 = -3*c, -5*a + 4*c - 4 = -f. What is the units digit of a?
9
Suppose -5*m = 2 - 32. Suppose t - m*t = 15, -4*t + 100 = 4*p. Suppose -27 = -5*u + p. What is the tens digit of u?
1
Suppose 42 = 3*t - 6. Let q be 3 - (-1 + 2*t). What is the units digit of (-50)/(-14) - 12/q?
4
What is the tens digit of -3*(-2)/((-24)/(-188))?
4
Suppose -32 = 3*p - 3*v - 230, p + 4*v = 91. What is the units digit of p?
1
Let r(j) be the first derivative of j**4/24 + 17*j**3/6 + 3*j**2/2 + 2. Let d(g) be the second derivative of r(g). What is the tens digit of d(-7)?
1
Suppose 9 - 33 = -2*l. Let k = l + -3. What is the units digit of 8/3*k/3?
8
Let b be 63/(-4) + 12/16. Let u = -4 - b. What is the units digit of u?
1
Let c(m) = -30*m - 2. Let d(p) = -p**3 + 6*p**2 - p + 5. Let h be d(6). What is the units digit of c(h)?
8
What is the units digit of (6/4)/((-4)/(-24))?
9
Let r = -3 - -5. Suppose r = -4*o + 22. What is the units digit of o?
5
Suppose -2 = 2*h - 4. Let l be (-3*(-3)/3)/h. What is the units digit of 69/6 + l/(-6)?
1
Suppose -95 = 4*i - 5*o, o = 4*i - i + 63. Let p = 10 + i. Let j = 7 - p. What is the tens digit of j?
1
Let q(l) = l - 5. Let g be q(4). Let n = g - -6. Suppose -3*w + n + 22 = 0. What is the units digit of w?
9
Suppose -4*b + 14 = -3*b + 2*v, 4*b - 4*v - 32 = 0. What is the units digit of b?
0
What is the units digit of ((-126)/5 - (-15)/25)*-5?
3
Let c = 7 + -2. Let q = 10 - c. What is the units digit of q?
5
Let t(w) = w**2 + 20. What is the units digit of t(0)?
0
Suppose -2*r - 72 = 5*o, -3*r + r + 68 = -5*o. Let t = o + 24. What is the units digit of t?
0
Let z(v) = v + 6. Let f be (-3)/2*(-16)/1. Suppose 0 = -2*u + 8, 0*u = -4*c + u - f. What is the units digit of z(c)?
1
Let g(a) = 2*a - 2. Let w be g(3). Suppose -8 = w*p - 20. Suppose p*c - 2*c = 6. What is the units digit of c?
6
Let q(h) = -3*h - 4. Suppose -2*b = 5*j - 5 + 1, b - 1 = -2*j. Suppose -3*n - 32 = 4*o, 0 = 4*o - o - j*n + 7. What is the units digit of q(o)?
1
What is the units digit of ((-72)/(-20))/((-6)/(-15))?
9
Suppose -o = -5*o. Let b = 2 - o. What is the units digit of b?
2
Suppose 0*y - 3*y + 246 = 0. Let p = y + -48. What is the units digit of p?
4
What is the tens digit of (-139)/(-5) + 8/40?
2
Let u = -6 - -8. Suppose 3*f + u - 17 = 0. Let p = f + -1. What is the units digit of p?
4
Suppose 3*q - 2*d + 8 = -2, 2*q + 13 = -5*d. Let h be ((1 + 0)*q)/1. What is the units digit of 7/3 - h/(-12)?
2
Let y = -4 + 48. What is the tens digit of y?
4
Let c be (15/(-2))/5*-16. Let n = -3 + c. What is the tens digit of n?
2
Suppose -7*v + 483 = -427. What is the units digit of v?
0
Let m be 0 - (-3 + 0) - -1. Suppose -4*k = -2*x + 56, 2*x = -0*x + k + 41. What is the units digit of 1/2 + x/m?
5
Let s(h) be the first derivative of h**3/3 - h**2/2 - 2*h - 1. Suppose -2*b + 2*t - 2 = 0, 4*t - 17 = b - t. What is the units digit of s(b)?
4
Let n(d) = d + 1. What is the units digit of n(6)?
7
What is the units digit of (-38)/(-8) + 2/8?
5
Let k(j) = j + 8. Let n be k(-10). What is the tens digit of n/3 - 536/(-12)?
4
Suppose 0 = -w + 5*u + 86, 4*w - 4*u - 401 = -3*u. What is the hundreds digit of w?
1
Suppose -11 = -2*f + 5. Let z be (f - 10)/((-2)/(-31)). Let v = 54 + z. What is the units digit of v?
3
Let o = -15 - -39. Let t = -2 - -4. Suppose u - o = -t*u. What is the units digit of u?
8
Let c = 18 - 5. Suppose 0 = i - c - 13. What is the units digit of i?
6
Suppose 3*b + 2*d - 5 = 4*b, 5*d + 26 = -b. Let i(l) = -3*l - 8. Let n(y) = -y - 3. Let p(q) = b*n(q) + 4*i(q). What is the units digit of p(-3)?
4
Let t = 23 - -33. What is the tens digit of t?
5
Let l = 73 - 117. Let i be l/7 + (-10)/(-35). What is the units digit of (i/(-5))/((-4)/(-10))?
3
Let v(d) = 22*d + 11. What is the units digit of v(3)?
7
Let q(x) = -5*x + 5. What is the tens digit of q(-20)?
0
Let l be (-3)/(-12)*26*-4. What is the units digit of (-1)/2*l - 1?
2
Let f(d) = -d + 10. Let a be f(8). What is the units digit of (-2 + 0)*(-1)/a?
1
Let q = 18 - 31. Let z be 0 + 2 - (2 + 4). Let d = z - q. What is the units digit of d?
9
Let g = -8 + 14. Suppose 0*s + g = 2*s. Suppose -4*u - 16 = 0, -s*u - 56 = -b - 3*b. What is the units digit of b?
1
Suppose -2*v + 12 + 8 = 0. What is the tens digit of v?
1
Suppose 7*m - 11*m = -1088. What is the hundreds digit of m?
2
Let u(g) = -3*g + 2 + 2 - 6 + 1. What is the units digit of u(-7)?
0
Let x be (60/(0 + 1))/1. Suppose 4*d - 8*d = -x. What is the tens digit of d?
1
What is the tens digit of 118/(-4)*(5 - 7)?
5
Let g = -4 - -14. Suppose -7*v + g*v - 129 = 0. What is the units digit of v?
3
Suppose 2*c - 16 = 64. What is the tens digit of c?
4
Let a = -16 - -22. Let p(y) = 2*y + 4. What is the units digit of p(a)?
6
Suppose 2*u + 5*r = 1, 4*u = 5*r - 4 + 21. Suppose 2*z + u = c - 0, -5*c + z + 51 = 0. What is the tens digit of c?
1
Let z(m) = -13*m + 29. What is the tens digit of z(-19)?
7
What is the units digit of (-6)/10 - (-1332)/20?
6
Suppose 0 = 5*o - 14*o + 288. What is the tens digit of o?
3
What is the hundreds digit of (-12)/(-3) + 151 + 0 + -3?
1
Let f(j) = -j + 11. Let k be f(9). Let u(g) = g**2 - 2*g. Let n be u(k). Suppose -2*t + 12 = b, n*t - 2*t = -3*b - 28. What is the units digit of t?
8
Let z(v) = 2*v. Let f be z(2). Suppose 0 = -2*s + i + 30, -2*s - 4*i + 28 = -22. Suppose -5*l + 19 = f*x, 0 = -3*l + x - 2*x + s. What is the units digit of l?
7
Suppose 20 = -5*z - k - 7, 3*k = -3*z - 21. Let f(m) = m**2 + 7*m + 6. Let u be f(z). What is the units digit of u/(-2)*6/12?
1
Let p = -15 + 9. What is the tens digit of (-110)/p + (-2)/6?
1
Let o be (20/12)/(1/3). Suppose 4*p + 3*x - 8 = 114, o*x + 48 = 2*p. What is the units digit of p?
9
Let b(q) = -q**3 + q + 1. Let h(w) = -8*w**3 - 3*w**2 + 1. Let g(n) = -4*b(n) + h(n). What is the tens digit of g(-2)?
2
Suppose 2*o + 2 = 3*u, -2*u - 5 + 1 = -4*o. Suppose c - 5*k - o = 20, 0 = -2*c + k + 80. Suppose -4*w + c = 10. What is the units digit of w?
8
What is the units digit of (-9 - 29/(-3))*(-1374)/(-4)?
9
What is the hundreds digit of ((-878)/(-6) - (-6)/(-18))*1?
1
Suppose -5*s = -289 - 256. What is the units digit of s?
9
Let g(o) = -2*o - 7. Let z = -10 - -4. Let u be g(z). Suppose 9 + 1 = u*s, -11 = -h + 5*s. What is the units digit of h?
1
Let a(t) = t**3 + 9*t**2 - 15. What is the tens digit of a(-8)?
4
Suppose 4*n - 5 = 3. Let m be -4*n*(-1)/2. Let t = m - -3. What is the units digit of t?
7
Suppose -4*l + 8 = -24. Suppose 3*a + 3*s = 18, -s - l = -2*a + s. What is the units digit of (2 + (1 - a))*-2?
4
Let r = 6 - 1. What is the units digit of r?
5
Let w = -273 + 497. What is the hundreds digit of w?
2
Let z(s) = s**2 + 3*s - 10. Let x be z(-8). Let k = 1 + x. Let r = k + -17. What is the units digit of r?
4
Let d(a) = -a - a + a + 7. What is the units digit of d(3)?
4
Let k(z) = 4*z**2. Let x be k(-1). What is the units digit of 4/16 - (-35)/x?
9
Let h(p) = p**3 + 8*p**2 - 5*p - 12. What is the units digit of h(-8)?
8
Let b = 259 + -88. Suppose -3*h = -3*u - b, h - 76 = -5*u - 7. What is the tens digit of h?
5
Let g(z) = -z**3 + 4*z**2 - z. What is the units digit of g(3)?
6
Let c(k) = k**2 - 5*k + 5. Let r be c(5). Suppose -l + 0*l - 12 = -m, 0 = -3*m + r*l + 46. Suppose m = 2*g - g. What is the units digit of g?